 - a**4/12 - a**3/3 - a**2. Does 2 divide l(t)?
True
Suppose 2*l + l - 108 = 0. Does 15 divide l?
False
Let i(m) = -4*m**3 - m**2 + m + 1. Let t be i(-1). Let v = t + 0. Suppose a - v*d = 18, 0*a - 4*a - 4*d = -8. Is a a multiple of 5?
False
Let m = -4 + 7. Suppose -5*r + m = -2*a, -2*a = 4*r - a - 5. Suppose 0 = -2*o + 55 + r. Does 14 divide o?
True
Let r(i) = -3*i. Let s be 9/(-4)*(-24)/9. Let t(n) = -n - 3. Let b be t(s). Is 10 a factor of r(b)?
False
Let z(n) = 4 + 3*n**3 - 2 + 0*n**3 + n + n**2. Let r be z(-2). Let k = -7 - r. Is k a multiple of 11?
False
Let g be (-4)/10 + (-37)/(-5). Suppose 115 - g = 4*a. Is 27 a factor of a?
True
Let d(z) = 7*z + 3. Does 25 divide d(5)?
False
Let j be 3/2 + 2/4. Suppose 2*v - 12 = -2*v. Suppose v*m - 14 = -j. Does 2 divide m?
True
Let q(v) = -2*v. Let b be q(-1). Let u(y) = b - 4*y + y + y**2 + 4*y**2. Is 9 a factor of u(2)?
False
Suppose -6*o + 5*o = -8. Is 4 a factor of o?
True
Let b(d) = 2*d**2 + 10*d - 8. Does 16 divide b(-9)?
True
Let i be 9 + (2/1 - 4). Let m = i + -5. Is 2 a factor of m?
True
Does 13 divide (-718)/(-10) + (120/(-25) - -5)?
False
Let w = 15 + -10. Suppose 93 = 5*s - 2*i + 5*i, w = 5*i. Is s a multiple of 6?
True
Suppose 0 = 2*z + 19 - 123. Suppose -3*s + z = -5*m, -4*s + 6*s - m - 37 = 0. Is s a multiple of 19?
True
Let b(d) = -3*d**2 - 1. Let y(h) = -h**3 + 6*h**2 - h + 3. Suppose -8 + 2 = -3*q. Let p(o) = q*y(o) + 5*b(o). Is p(-3) a multiple of 17?
True
Let w = 292 + -167. Is 12 a factor of w?
False
Is 6 + -3 + -7 - -147 a multiple of 33?
False
Let k(m) = -m**3 - 5*m**2 + 4*m - 6. Let w be -2*9/(3 - 0). Is k(w) even?
True
Let o(a) = -53*a**3 + 2*a**2 + 2*a + 1. Let k be o(-1). Suppose 3*t - k = -0*t. Is 9 a factor of t?
True
Let q(c) = -c**2 + 11*c - 7. Let f = 16 - 7. Is 6 a factor of q(f)?
False
Suppose k + 262 = 2*y, 5*y - 3*k = -k + 656. Is y a multiple of 12?
True
Let l = -3 + 5. Is 16 a factor of 199/5 + l/10?
False
Suppose 3*m + 2*c = -2*c - 25, m + 4*c = -11. Is 9 a factor of -1 + -1 + (-294)/m?
False
Let m(k) = -118*k - 3. Is m(-1) a multiple of 9?
False
Suppose 2*o - 142 = -34. Does 27 divide o?
True
Let q = 7 - 4. Suppose -3*a + 85 = -2*j, j + 3 + 86 = q*a. Does 10 divide a?
False
Let j = 22 + -19. Suppose -4*g + 31 = 3*k - 88, -3*g - 84 = -j*k. Is 33 a factor of k?
True
Let x(h) = 20*h**3 + 2*h + 1. Let f be x(-1). Suppose 81 = 4*c + 9. Does 6 divide (c/f)/(2/(-14))?
True
Let q(i) = 0*i**3 - 2*i**3 - 2 - 2*i**2 - i**3. Let o be q(-2). Suppose o = l - 4. Is l a multiple of 8?
False
Suppose -28 = -3*j + 2*n, -2*n + 24 = 3*j - 20. Does 23 divide ((-272)/j)/((-1)/3)?
False
Suppose 3*t + 3*l = -30, -5*l = 2*t - 1 + 12. Let j be (-5 + 2)/(9/156). Let b = t - j. Is b a multiple of 14?
False
Suppose 2*u + 3*m - 99 = 0, 0 = 3*u + u + 4*m - 188. Is 17 a factor of u?
False
Let a(d) = 2*d - 15. Let f be a(10). Suppose -5*w + 0*w = 5, f*p - 3*w - 168 = 0. Is p a multiple of 11?
True
Suppose -3*t + 63 = -3*r, -2*t + 47 = -3*r + 7. Is t a multiple of 11?
False
Let f(k) be the second derivative of -19*k**3/6 - k. Let g be (2/6)/(3/(-9)). Is 7 a factor of f(g)?
False
Let g(d) = d - 5. Let v be g(5). Suppose -n - n + 6 = v. Suppose -13 + 140 = 5*k + n*o, -3*o = k - 23. Does 13 divide k?
True
Let q(g) = g**2 + 2*g - 1. Let l be (4/(-6))/(1/(-6)). Let b be 3 - (l + 0) - -7. Does 18 divide q(b)?
False
Let j(l) = -2*l. Let k = 7 - 9. Let q be j(k). Does 7 divide q/((-2)/(0 + -10))?
False
Let a be 1/3*(7 + 2). Suppose 2*t = -t + 4*q - 16, 0 = 5*t + 2*q + 70. Let k = a - t. Is 8 a factor of k?
False
Let i(r) = r**2 - 9*r + 3. Let o be i(7). Let w = -7 - o. Suppose -q + 4*d = 0, -w*q + 3*d + 68 = q. Does 6 divide q?
False
Suppose 2*o + 30 = 3*o. Let q = o + -18. Does 4 divide q?
True
Suppose -7*x + 931 - 21 = 0. Does 10 divide x?
True
Let y(d) = -10 + 5 - d + 2*d. Let l be y(5). Suppose l = -4*k - 0*k + 24. Is k a multiple of 3?
True
Let y be 74/(-8) + (-1)/(-4). Let p(q) = q**3 + 9*q**2 - 3*q - 12. Does 15 divide p(y)?
True
Suppose 231 = 2*r - 25. Suppose -2*y = 2*y - r. Is 9 a factor of y?
False
Let z(h) = 16*h**3 - 3*h**2 - 1. Let a(m) = 17*m**3 - 2*m**2 - 1. Let k(p) = -4*a(p) + 3*z(p). Is 10 a factor of k(-1)?
True
Let x = 156 - 13. Is 14 a factor of x?
False
Let z(x) = x**3 - 13*x**2 + 14*x - 8. Is z(12) a multiple of 2?
True
Let r = 380 + -207. Is r a multiple of 13?
False
Let r(i) = -7*i - 2. Does 13 divide r(-4)?
True
Suppose 5*v + 67 = a, 4*a = -5*v + 7*v + 286. Suppose -5*j + j = -a. Is j a multiple of 9?
True
Does 2 divide (3 + -6)*-6 + 2*1?
True
Let g(y) = 5*y**2 + 6*y + 1. Does 30 divide g(-6)?
False
Suppose -b - 5*w - 58 = 0, -26 = b + 4*w + 27. Does 15 divide (-3)/(-6)*-6 - b?
True
Let t(u) = 0*u**2 + 1 + u**2 + 57*u - 53*u. Is 4 a factor of t(-7)?
False
Let j = -8 + 29. Let p = 67 - j. Is p a multiple of 17?
False
Suppose -43 = 4*a - 15. Let f(x) = 2*x**2 - 11*x + 6. Let p be f(7). Let k = a + p. Is 16 a factor of k?
False
Suppose -3*f - 5*s = -466, 0 = -3*s - 0*s - 12. Is f a multiple of 27?
True
Let c = 98 - 11. Suppose -5*u + 3*z + c = 0, 0 = -4*z + 4 - 0. Is u a multiple of 18?
True
Suppose -57 + 1 = 2*o. Let v = 46 + o. Does 9 divide v?
True
Let j(o) = o**2 - o + 29. Does 23 divide j(-9)?
False
Suppose 0*r - 294 = 3*r. Let i = r - -139. Let k = i + -15. Is 13 a factor of k?
True
Let s = -54 - -92. Is s a multiple of 32?
False
Let h = -14 - -6. Let r(g) = -g**3 + g**2. Let o(l) = l**3 - 11*l**2 - 8*l - 5. Let t(j) = -o(j) - 2*r(j). Is 5 a factor of t(h)?
True
Suppose n + 2*p - 4*p - 92 = 0, -212 = -2*n - 3*p. Let l = 15 - 10. Suppose -l*w = -w - n. Is 17 a factor of w?
False
Does 2 divide 8 + -8 - (-4)/2?
True
Let a = 95 + -55. Is a a multiple of 10?
True
Let o(u) = 3*u**2 - 4*u. Let r be o(-5). Suppose -4*g + 0*g + 44 = 2*m, -5*m - 5*g = -r. Is 16 a factor of m?
True
Suppose -6*y + 2*y = -3*n + 12, -4*y = -2*n + 8. Let c(k) = 9*k - 6. Let o be c(6). Suppose -u + 5*u + n*i - o = 0, -2*i = -3*u + 11. Is 6 a factor of u?
False
Let s(z) be the first derivative of z**2/2 + 6*z + 3. Suppose -16 = -3*t - m, -2*t + m - 2*m + 9 = 0. Is 7 a factor of s(t)?
False
Let i = 2 - 4. Let x be 6*(i + (-10)/(-4)). Suppose -12 = -x*b - 0*b. Is 4 a factor of b?
True
Let s(g) = -2*g + 3. Let u be s(2). Let h be -3*u/3*0. Does 5 divide -26*(h + 3/(-6))?
False
Let d(o) = -o**3 - 5*o**2 - 4*o - 10. Let b(w) = -w**3 - 4*w**2 + w - 3. Let k be b(-4). Let x be d(k). Is 17 a factor of x/6 - 1/3?
False
Suppose 0 = 3*l + 2*r + 98, l = -r - 4*r - 50. Let s = 32 - l. Is s a multiple of 14?
False
Is 45 + (-5)/(20/(-12)) a multiple of 16?
True
Suppose u + 2 = -0*u, 4*u = -4*y + 36. Does 5 divide y?
False
Let i(r) = 5*r - 1. Let k(c) = c**2 - c + 1. Let b be k(0). Let w be i(b). Suppose -2*l - 7*d = -3*d - 72, -w*l = 5*d - 153. Is l a multiple of 21?
True
Is 112 - (-3 + (1 - -3)) a multiple of 13?
False
Let s be (-4)/10 + 204/10. Let d = s - 10. Is 6 a factor of d?
False
Let u(x) = x**3 + 7*x**2 - 4*x - 9. Let a be u(-7). Suppose -2 = -2*m + d - 7, d + 3 = 0. Let p = a - m. Is p a multiple of 9?
False
Let x(j) = -j**3 + 18*j**2 - 15*j + 4. Let g be x(17). Suppose 5*w + 3*b - 102 = 0, -4*w - 5*b - g = -130. Is 3 a factor of w?
True
Suppose -5*r = -5*d - 25, -r + 15 = 3*r - 3*d. Suppose 5*c + r = 15. Suppose -2*u - 3*u - 2*y + 27 = 0, 4*y + 37 = c*u. Is 7 a factor of u?
True
Let d = 542 + -316. Does 33 divide d?
False
Suppose 5*h = 390 - 100. Is h a multiple of 13?
False
Let r(w) = 3*w + 2*w + 11 - 2. Let x be r(9). Let l = x + -28. Is l a multiple of 13?
True
Let m(k) = 2*k - 6. Suppose -4*i + 4 - 28 = -4*v, 5*i + 20 = 4*v. Is m(v) a multiple of 7?
True
Suppose 0*s = 3*s - 24. Suppose 4*g - 28 = -s. Suppose g*w = 21 + 109. Does 13 divide w?
True
Suppose 3*q + 2*q = -3*u + 27, -2*u + 11 = q. Let t = 18 - u. Is 10 a factor of t?
False
Let l = 46 + 53. Is 9 a factor of l?
True
Suppose -5*o = 4 - 34. Suppose b - 11 - o = 0. Is b a multiple of 8?
False
Let g = -2 - -8. Suppose -2*w + w + g = 0. Does 5 divide w?
False
Let s be 18/(-4) + (-3)/6. Let t = -10 - -18. Let j = s + t. Is 3 a factor of j?
True
Let k = 81 + -6. Is k a multiple of 7?
False
Let w(t) = t**3 - 4*t**2 + 4*t. Let a be w(3). Suppose 0 = -u - a*u + 96. Is 11 a factor of u?
False
Let o = 48 + -31. Suppose 3*s + o = 2*a, -2*a + 6*a - 5*s - 